 2. Let q be d(c). What are the prime factors of (-5060)/(-70) - 4/q?
2, 3
Let t = -353 + 796. What are the prime factors of t?
443
Let j = 23 - 13. Let w = j - 5. Suppose -8 = w*y - 98. What are the prime factors of y?
2, 3
What are the prime factors of -35 + 641 + 6*-1?
2, 3, 5
Suppose 0*r = 18*r - 8172. List the prime factors of r.
2, 227
Suppose -5*l + t = -5, 5*l + 3*t = -2 + 27. Suppose l*v = 3*g + 69, -3*v - 3*g + 4*g = -93. What are the prime factors of v?
2, 3, 5
Suppose 3*p = 4*r + 237, 5*r - 430 = -9*p + 4*p. Let d = -71 + p. List the prime factors of d.
2, 3
Let u = 66 + 16. List the prime factors of u.
2, 41
Suppose -j + 5*s + 3120 = 0, 0 = j - 4*s - 2379 - 746. What are the prime factors of j?
5, 17, 37
Let z(n) = n**3 + 5*n**2 + 7*n + 5. Let c = 3 + -7. Let s be z(c). What are the prime factors of (s/2)/((-2)/4)?
7
Let p be (3/6)/((-2)/4)*-8. Suppose -13*r = -p*r - 275. What are the prime factors of r?
5, 11
List the prime factors of 4547/9 - (-9 + (-913)/(-99)).
5, 101
Let q = 1071 + -653. List the prime factors of q.
2, 11, 19
Let n = 71 - 66. Let h(b) be the first derivative of -b**4/4 + 2*b**3 - b**2/2 - 3*b - 1. What are the prime factors of h(n)?
17
What are the prime factors of -2 - (-3 + -152 + 1)?
2, 19
Let d(p) = p**3 + 7*p**2 - 9*p + 2. Let i be d(-8). Suppose b + i = 6*b. What are the prime factors of b/9 + (-734)/(-18)?
41
Suppose -6 = -3*x - 0*x, 0 = -2*a - 3*x + 2516. List the prime factors of a.
5, 251
Let i(c) be the second derivative of c**3/3 + 6*c**2 - c. Let w = 21 - 15. List the prime factors of i(w).
2, 3
Let j be -1 + (1/(-5))/((-2)/10). Suppose j*c - 5*r + 302 = 2*c, -5*c = r - 732. List the prime factors of c.
2, 73
List the prime factors of (-46)/(-4)*12*10/15.
2, 23
Let r be 4/((-21)/6 + 4). Let y(h) = h**2 - 6*h - 12. What are the prime factors of y(r)?
2
Let v = 9 - 6. Let w be (-12)/(-7)*(4 + v). Let x = 25 - w. List the prime factors of x.
13
Suppose 2 = y - 0*y + 2*g, -g = -2*y - 6. Let p be (-23 - y)/(3/10). List the prime factors of -2 + 3 - p/5.
3, 5
Let s(m) = m**2 - 7*m + 4. Let w be s(7). Let d(i) = i**3 + i**2 + i - 5. List the prime factors of d(w).
79
Let l(t) = -t**3 + 7*t**2 - 2*t + 3. Suppose 8*b + 2*f = 3*b + 34, -2*b + 5*f + 2 = 0. List the prime factors of l(b).
3
Suppose -2*m + 3*p = 33, -m - 2*p + 18 = -2*m. Let w = 12 - m. What are the prime factors of w?
2, 3
Suppose 2*n - 882 = -64. List the prime factors of n.
409
Let b(u) = 0*u - 2*u + 18 + 4*u + 9*u. What are the prime factors of b(12)?
2, 3, 5
List the prime factors of (-4*4)/(-6 + (-13212)/(-2205)).
2, 5, 7
Let w = 2396 + -92. What are the prime factors of w?
2, 3
Let h be 20/(-5)*-1 + 56. What are the prime factors of (-5)/(-2)*912/h?
2, 19
Let z(p) be the first derivative of 7*p**3/6 + p**2/2 - 3*p - 4. Let i(m) be the first derivative of z(m). List the prime factors of i(3).
2, 11
Let r = -57 - -64. Suppose -r*p + 515 = 60. What are the prime factors of p?
5, 13
Let b = -579 - -1323. List the prime factors of b.
2, 3, 31
Let p be ((-9)/2)/3*(-288)/4. Suppose -z + 2*k = -30, 2*z - 4*k = -2*z + p. List the prime factors of z.
2, 3
Suppose -4*d + 5*n - 54 = 0, 4*d - 4*n + 1 = -51. Let x = -7 - d. Suppose -x*g = -2*g - 116. List the prime factors of g.
2, 29
Suppose g + 356 = 4*l + 5*g, -5*g = 4*l - 360. List the prime factors of l.
5, 17
Let w(h) = -h**2 - 4*h + 72. List the prime factors of w(0).
2, 3
Let k = -24 - -14. Suppose -4*r = 2*b - 98, -b = 4*b - r - 201. Let q = k + b. What are the prime factors of q?
31
Let r(p) = -121*p**3 - 5*p**2 - 5*p + 11. What are the prime factors of r(-3)?
2, 7, 29
Let h(r) = 2*r**2 - 22. List the prime factors of h(-5).
2, 7
Let c(t) = -5*t - 13 + 2*t + 4*t + 4*t. Let y be c(4). Let a = 47 + y. What are the prime factors of a?
2, 3
Let y be ((-10)/(-8))/((-4)/64). Let u be (4/(-12) - -1)*-42. Let m = y - u. List the prime factors of m.
2
Let n(p) = 3*p**2 - 19*p + 155. What are the prime factors of n(9)?
227
Let c(p) = -110*p - 3. Let b be c(1). Let j = -7 - b. List the prime factors of j.
2, 53
Suppose 0 = 18*f - 4854 - 30336. What are the prime factors of f?
5, 17, 23
Let a(s) = -3 - 8*s + 0 - s**2 - 2. Let n = -177 + 170. List the prime factors of a(n).
2
Let k be ((-18)/(-4) - 2)*14. Let b = k - 14. List the prime factors of b.
3, 7
Suppose r - 3*w - 36 = -2*r, -36 = -2*r - w. Suppose 2*t = -r + 2. Let g(x) = x**2 + 2*x - 5. List the prime factors of g(t).
2, 3, 5
Let i = -956 - -571. Let v = 270 + i. Let z = v - -163. List the prime factors of z.
2, 3
Suppose -11*g - 222 = -14*g. List the prime factors of g.
2, 37
Let r(o) = -o**3 - 37*o**2 - 40*o - 43. List the prime factors of r(-36).
101
Suppose -17 = -n + 5*s - s, -4*s = n + 15. Let d = n + -1. Suppose d = 4*g + 29 - 101. What are the prime factors of g?
2, 3
Let t(v) = -v + 245. Let n be t(0). What are the prime factors of -2*n/(-25) - 2/(-5)?
2, 5
Let h be ((-6)/4 - 0) + 310/20. Let b = h + 8. What are the prime factors of b?
2, 11
Let m = 291 + 13. What are the prime factors of m?
2, 19
Let x(a) = a**3 + 17*a**2 + 27*a + 23. List the prime factors of x(-12).
419
Let d be -1 - 0/(-2) - 24/(-4). Suppose -5*i - 5*v + 646 + 139 = 0, 4*i - 633 = -d*v. What are the prime factors of i?
2, 19
Let t(k) = -k**3 - k**2 + 7*k + 2. Let l be t(-3). List the prime factors of ((-312)/(-9))/((-35)/45 - l).
2, 3, 13
What are the prime factors of (-2 + -64)/(-11) + (1048 - 0)?
2, 17, 31
Suppose 3 - 6 = -n - y, n - 18 = 4*y. What are the prime factors of n/4*(-3360)/(-90)?
2, 7
Let o(k) = 234*k**2 + 39*k + 3. List the prime factors of o(-3).
2, 3, 83
Let b(d) = 30*d**2 + 42*d. List the prime factors of b(-4).
2, 3, 13
Let q(v) = 202*v**3 + 1. List the prime factors of q(1).
7, 29
Let k(r) = 4*r**2 - 2*r + 4*r + 3 - 3*r**2. Let x be k(4). Let u = 47 - x. List the prime factors of u.
2, 5
What are the prime factors of ((-1286)/3)/(2 - 72/27)?
643
Let x = 76 - -9. Let s = 190 - x. What are the prime factors of s?
3, 5, 7
Let r be 1*-1 + 77 + -1. What are the prime factors of (-5)/(r/6) + (-768)/(-20)?
2, 19
Let b be (2/4)/((-2)/(-3))*108. Suppose -7*p + 8*p = 31. Let g = b - p. What are the prime factors of g?
2, 5
Suppose -4*f = -2 - 14. Let c be (-1)/(-3)*-3 + (-14)/(-2). Let h = c + f. List the prime factors of h.
2, 5
Let v(b) = -2*b**3 - 19*b**2 - 18*b - 45. What are the prime factors of v(-13)?
2, 7
Suppose -50*p + 55*p = 10025. List the prime factors of p.
5, 401
Let i = 1621 + -435. List the prime factors of i.
2, 593
Let t(v) = v**3 + 9*v**2 - 4*v. Let l be t(-8). Let w be 1*6 - (1 - 1). Suppose 0 = 2*j - w*j + l. List the prime factors of j.
2, 3
Suppose 10*x = 5*x - 4*r + 7800, 0 = -5*x + 2*r + 7770. What are the prime factors of x?
2, 389
Let q(m) = -m**3 + 3*m**2 - m + 7. Let h be q(3). Suppose -h*c + 536 = -5*a + 7*a, c - 134 = -5*a. List the prime factors of c.
2, 67
Let o(f) = 531*f**2 + 10*f + 22. List the prime factors of o(-2).
2, 1063
Suppose 54*h = 5575 + 25367. List the prime factors of h.
3, 191
Suppose 0 = 5*i - 3*o - 13507, 3*i = -o + 5*o + 8102. What are the prime factors of i?
2, 7, 193
Let j(l) = 2*l + 8. Let x be j(6). Suppose 4*v = -0*v + x. Let n(t) = t**2 - 5*t + 6. What are the prime factors of n(v)?
2, 3
Let w be (-522)/(-102) + (-2)/17. Suppose 0 = w*n + 2*n - 371. List the prime factors of n.
53
Suppose -5*z = 4*g - 33, -5*g = -10*g - 3*z + 25. Let o = 4 - 2. Suppose -g*x - y + 2*y = -o, -2*x - 10 = -4*y. What are the prime factors of x?
3
Let z(u) = -3*u**2 - 2*u. Let y be z(2). Let h = -7 - y. What are the prime factors of -9*((-33)/h - -1)?
2, 3
Let s = -19 - -21. Let h be ((-44)/(-33))/(s/3). Suppose 0 = -h*w + 4*w - 90. List the prime factors of w.
3, 5
Let v be ((-12)/18)/((-2)/375). Let k = v - 65. List the prime factors of k.
2, 3, 5
Suppose 4*g + u - 519 = 0, 5*g + 154 = 2*u + 806. List the prime factors of g.
2, 5, 13
What are the prime factors of -13 - -536 - 4*-1?
17, 31
Let b(c) = 30*c + 24. Let d(n) = n. Let t(z) = b(z) - 4*d(z). What are the prime factors of t(11)?
2, 5, 31
Suppose -15792 = -7*g - 14*g. List the prime factors of g.
2, 47
Let q be 2/4*188/2. Suppose d = x - 0*x + 11, 0 = -5*d - 3*x + q. List the prime factors of d.
2, 5
List the prime factors of 883 + -21 - 4/((-8)/10).
3, 1